{"id":300,"date":"2011-12-11T20:53:36","date_gmt":"2011-12-11T19:53:36","guid":{"rendered":"http:\/\/www.rg-fishfeed.de\/blog\/?page_id=300"},"modified":"2011-12-11T20:53:36","modified_gmt":"2011-12-11T19:53:36","slug":"holger-live","status":"publish","type":"page","link":"https:\/\/blog.rg-fishfeed.de\/?page_id=300","title":{"rendered":"Holger Live"},"content":{"rendered":"<p>Hallihallo und ein herzliches Willkommen!<\/p>\n<p>Der erste l\u00e4ngere Ansitz im diesen Jahr beginnt gerade und wie schon im letzten Jahr m\u00f6chte ich Euch mit hinein schnuppern lassen. Mit von der Partie ist mein Teampartner Sascha der allerdings nur nachts fischt da er Tags\u00fcber leider zur Arbeit muss. Den See den wir uns ausgesucht haben liegt an der Grenze zu Berlin und der Teltowkanal f\u00fchrt direkt hindurch. Also besteht f\u00fcr uns die \u201e Schwierigkeit\u201c mit dem Bootsverkehr, welche hier doch recht regelm\u00e4\u00dfig vorbeifahren. Geplant sind 4 N\u00e4chte bis Karfreitag.<\/p>\n<p>Naja mal sehen was der erste Ansitz bringt?!<\/p>\n<p>Montag ,\u00a0 06.04.09 20 Uhr<\/p>\n<p>Der Anstrengende Teil liegt hinter uns, das Camp ist aufgebaut und die Ruten liegen hoffentlich Perfekt.\u00a0 Als Erfolgsk\u00f6der haben wir Rob Chili, Mega Sweet, Anacardia, Real Fish und Kivelinge mit im Gep\u00e4ck. Die Ruten wurden zwischen 0,5 und 4 Meter ausgelegt. Na dann\u2026.auf geht\u2019s!<\/p>\n<p>&nbsp;<\/p>\n<p>&nbsp;<\/p>\n<p>Dienstag, 07.04.09 9 Uhr<\/p>\n<p>Guten Morgen&#8230; die Nacht war ruhig, nicht eine Aktion.<\/p>\n<p>Jetzt wird erstmal Gefr\u00fchst\u00fcckt und die Ruten gecheckt. Werd dann mal eine Runde drehen und mal kontakt zu meinen Nachbarn aufnehmen. Ob die was hatten..?<\/p>\n<p>Naja bis dann&#8230;.<\/p>\n<p>&nbsp;<\/p>\n<p>Dienstag, 07.04.09 14 Uhr<\/p>\n<p>Keine Aktion,keine erkennbare Fischbewegung, die einzigen Interessenten f\u00fcr meine Knollen sind Enten und Blessh\u00fchner. Mein Nachbar sitzt seit 4 N\u00e4chten blank&#8230;..tolle Aussichten&#8230;.<\/p>\n<p>aber ich hab ja R&amp;G Knollen&#8230;.hihi&#8230;.<\/p>\n<p>werd mich jetzt mal mit den Schlauchboot treiben lassen&#8230;.vielleicht kommt mir ein einblick&#8230;..<\/p>\n<p>Bis demn\u00e4chst<\/p>\n<p>&nbsp;<\/p>\n<p>Dienstag,07.04.09 20.30 Uhr<\/p>\n<p>Was soll ich sagen&#8230;.. immer noch nichts. Hab den restlichen Tag damit verbracht den Untergrund zu checken&#8230;.. mit Erfolg&#8230;.. Muschelbank in vielversprechender Tiefe gefunden&#8230; Ach so ein Drill hatte ich, eine Ente, sauber im Schnabel gehackt.<\/p>\n<p>&#8230;&#8230;die Bilder kann ich leider aus Naturschutzgr\u00fcnden nicht ins Netz setzen&#8230;..<\/p>\n<p>nur soviel sie schwimmt wieder und ist wohl auf&#8230;.<\/p>\n<p>&nbsp;<\/p>\n<p>Mittwoch, 08.04.09 9 Uhr<\/p>\n<p>Goooood Morning, leider wieder kein Fangerfolg zu verzeichnen! Allerdings hatten wir einen Vollrun, vobei der Fisch leider im Holz verloren ging. Naja aber Fisch ist da!<\/p>\n<p>Es ist hier ein wundersch\u00f6ner Morgen, die Sonne lacht und die V\u00f6gel zwietschern.<\/p>\n<p>Mal sehen was der Tag bringt&#8230;.erstmal Kaffee, Kippe und Ka&#8230;&#8230;&#8230;<\/p>\n<p>Bis denn!<\/p>\n<p>hier ging der Fisch verloren&#8230;.Schei&#8230;&#8230;&#8230;&#8230;.!<\/p>\n<p>Mittwoch,08.04.09 15 Uhr<\/p>\n<p>Au\u00dfer zwei Brassen nix, wenigstens kommt aktivit\u00e4t auf.<\/p>\n<p>Werd die Futtermenge ein bissel erh\u00f6hen und mehr Partikel ins Spiel bringen, vielleicht werden durch die Wei\u00dffische die Karpfen aufmerksam und Futterneid kommt bei den R\u00fcsslern auf. Sonst bin ich weiter auf Spot suche . Mal sehen was Sascha meint wenn er heut abend kommt.<\/p>\n<p>Tschaui bis dann!<\/p>\n<p>&nbsp;<\/p>\n<p>Mittwoch, 08.04. 09 20 Uhr<\/p>\n<p>Yes Come on Wir konnten den ersten Fisch zu einem Fotoshooting \u00fcberreden.<\/p>\n<p>Stolze 28pfd&#8230;&#8230; sehr guter Einstand&#8230;&#8230;&#8230;&#8230;&#8230;Erfolgk\u00f6der Rob Chili&#8230;&#8230;&#8230;&#8230;<\/p>\n<p>der spot unter dem Baum hat den Fisch gebracht&#8230;&#8230;&#8230;&#8230;..ob es der verlorene von heute Nacht war&#8230;&#8230;&#8230;&#8230;.Hochmotiviert gehen wir in die Nacht&#8230;&#8230;&#8230;.<\/p>\n<p>Bis zum n\u00e4chsten Fisch!<\/p>\n<p>&nbsp;<\/p>\n<p>&nbsp;<\/p>\n<p>&nbsp;<\/p>\n<p>Donnerstag, den 09.04.09 7 Uhr<\/p>\n<p>Guten Morgen, leider nichts, gar nichts, nicht ein pieps. Und wir waren so hoch motiviert, na gut dann holen wir sie halt am Tage raus. Erstmal Ruten checken&#8230;.<\/p>\n<p>Fr\u00fchst\u00fccken&#8230;&#8230;usw.<\/p>\n<p>Mal sehen was der Tag bringt, bis denn.<\/p>\n<p>&nbsp;<\/p>\n<p>Donnerstag, den 09.04.09 15.00 Uhr<\/p>\n<p>Der Tag hat wieder keinen Fisch gebracht. Mmh warum nur. Und zur gro\u00dfen Not ist heute auch Abreisetag, ein wichtiger Termin der Kurzfristig bei mir ankam lie\u00df sich nicht mehr verschieben. Aber ich bekam noch besuch. Die Testfischer Stefan und Carsten kamen heut morgen bei mir vorbei. Immer wieder sch\u00f6n sich kennenzulernen. ( Ich hoffe das h\u00f6rt sich jetzt nicht schwul an aber Ihr wist was ich meine). Naja die Trauer \u00fcber die Abreise ist nicht allzu gro\u00df da ich ab 19.04.09 schon wieder eine Woche am Teich verbringen werde. Nat\u00fcrlich seit Ihr wieder Live dabei!<\/p>\n<p>Zu welcher Lokation es geht steht noch nicht fest aber vielleicht wieder hier her.<\/p>\n<p>Na dann Petri Heil und nur dicke!<\/p>\n<p>Bis zum n\u00e4chsten Mal!<\/p>\n<p>Holger und Sascha<\/p>\n","protected":false},"excerpt":{"rendered":"<p>Hallihallo und ein herzliches Willkommen! Der erste l\u00e4ngere Ansitz im diesen Jahr beginnt gerade und wie schon im letzten Jahr m\u00f6chte ich Euch mit hinein schnuppern lassen. Mit von der Partie ist mein Teampartner Sascha der allerdings nur nachts fischt &hellip; <a href=\"https:\/\/blog.rg-fishfeed.de\/?page_id=300\">Weiterlesen <span class=\"meta-nav\">&rarr;<\/span><\/a><\/p>\n","protected":false},"author":1,"featured_media":0,"parent":280,"menu_order":0,"comment_status":"open","ping_status":"open","template":"","meta":[],"_links":{"self":[{"href":"https:\/\/blog.rg-fishfeed.de\/index.php?rest_route=\/wp\/v2\/pages\/300"}],"collection":[{"href":"https:\/\/blog.rg-fishfeed.de\/index.php?rest_route=\/wp\/v2\/pages"}],"about":[{"href":"https:\/\/blog.rg-fishfeed.de\/index.php?rest_route=\/wp\/v2\/types\/page"}],"author":[{"embeddable":true,"href":"https:\/\/blog.rg-fishfeed.de\/index.php?rest_route=\/wp\/v2\/users\/1"}],"replies":[{"embeddable":true,"href":"https:\/\/blog.rg-fishfeed.de\/index.php?rest_route=%2Fwp%2Fv2%2Fcomments&post=300"}],"version-history":[{"count":1,"href":"https:\/\/blog.rg-fishfeed.de\/index.php?rest_route=\/wp\/v2\/pages\/300\/revisions"}],"predecessor-version":[{"id":301,"href":"https:\/\/blog.rg-fishfeed.de\/index.php?rest_route=\/wp\/v2\/pages\/300\/revisions\/301"}],"up":[{"embeddable":true,"href":"https:\/\/blog.rg-fishfeed.de\/index.php?rest_route=\/wp\/v2\/pages\/280"}],"wp:attachment":[{"href":"https:\/\/blog.rg-fishfeed.de\/index.php?rest_route=%2Fwp%2Fv2%2Fmedia&parent=300"}],"curies":[{"name":"wp","href":"https:\/\/api.w.org\/{rel}","templated":true}]}}