{"id":81,"date":"2011-12-08T17:17:02","date_gmt":"2011-12-08T16:17:02","guid":{"rendered":"http:\/\/www.rg-fishfeed.de\/blog\/?page_id=81"},"modified":"2011-12-08T17:29:09","modified_gmt":"2011-12-08T16:29:09","slug":"3-tage-inselfeeling","status":"publish","type":"page","link":"https:\/\/blog.rg-fishfeed.de\/?page_id=81","title":{"rendered":"3 Tage Inselfeeling"},"content":{"rendered":"<p><strong>von Chris<\/strong><\/p>\n<p>Dienstag mittag gings los, heim zu meinen Eltern, Tackle in den Kombi, wieder den gleichen Spruch wie immer von Oma kassiert (&#8222;Bleibst du ein halbes Jahr weg mit dem ganzen Zeug? Musst ja bald einen Bus kaufen!&#8220;). Man kennt das.<\/p>\n<p>Die 60 km zum Wasser wurden rasch abgespult, dann fing die Arbeit an, ohne Schwei\u00df kein Preis, Auto ans Wasser, Zeug ausladen, Boot aus dem Hafen holen, Boot zum Auto rudern, Zeug ins Boot schaffen und dann auf die Insel rudern. Noch schnell die Futterpl\u00e4tze gecheckt, jawohl, pa\u00dft, die drei Kilo Futter pro Platz von gestern waren verschwunden. Das Wetter war super, absolutes Karpfenwetter, gute 30 Grad aber keine pralle Sonne, immer sch\u00f6n bedeckt und dr\u00fcckend schw\u00fcl, Wind kam ganz sanft aus Richtung S\u00fcdwesten.<br \/>\nNachdem ich auf der Insel angekommen war (und diese von gesch\u00e4tzten 74 Kilo Entenkacke befreit hatte), baute ich erstmal das Pod auf, machte die Ruten klar und fuhr sie auf die Spots, jeweils ein Kilo Partikel und ein paar Boilies hinterher, f\u00e4ddisch.<br \/>\nDie rechte rute lag in etwa 150m Entfernung direkt am anderen Ufer unter einem Busch, versehen mit einem selbsgerollten Mais\/Frucht-Boilie, die linke legte ich in ca. 100m Entfernung ab, dort ist eine sch\u00f6ne Kante wo eine Kiesbank von 60cm auf ca. 2,50 m abfiel.<\/p>\n<p>Dort hing ein Real-Crab Boilie von RG-Fishfeed am Haar.<\/p>\n<p>Nachdem ich mir eine Zigarette und einen Kaffee geg\u00f6nnt hatte, baute ich den Schirm und alles andere auf, bis alles zu meiner Zufreidenheit aussah.<br \/>\nAbends hab ich mir dann lecker Chili gekocht, zwei Becks getrunken und bin mit einem guten Gef\u00fchl gegen Mitternacht eingeschlafen.<\/p>\n<p>Mit einem weniger guten Gef\u00fchl wurde ich dann gegen 9.00 Uhr am folgenden Morgen wach, kurzer Blick auf die Ruten, alles unver\u00e4ndert also waren die Batterien nicht schuld das die Bissanzeiger stumm blieben. Komisch. Nachdem ich so langsam wach wurde und vor mich hinsinnierte, warum die Nacht so ruhig verlief, merkte ich, das der Wind gedreht hatte und nun st\u00e4rke und aus Richtung Osten kam, ma\u00df dem aber keine gro\u00dfe Bedeutung bei.<br \/>\nIch stand auf und machte mir Kaffeewasser hei\u00df, als ich aus dem Augenwinkel den Swinger von meiner Busch-Rute kurz ruckeln und dann ganz langsam steigen sah. Der Bissanzeiger hat noch keinen Pieper von sich gegeben als ich anschlug, kurzer Wiederstand und der Versuch seitens des Fisches, das rettende Unterholz am Ufer zu erreichen. Den konnte ich aber leicht abbremsen und merkte schon, das das nicht der gr\u00f6\u00dfte Fisch war, der dem Selfmade-Bolie zum Opfer fiel. Machte mir aber gar nichts aus und ich war richtig gl\u00fccklich, den ersten Karpfen 2008 auf der Matte zu haben, auch wenn er &#8222;nur&#8220; knapp sechs Kilo auf die Waage brachte.<\/p>\n<p>Nachdem der Fisch versorgt war, war ich grade dabei die Rute wieder mit einem frischen Bait zu best\u00fccken, als pl\u00f6tzlich die linke Rute volle Elle ablief. Was nun folgt kommt einem &#8222;worst case Szenario&#8220; schon recht nah. Der Fisch nahm gut Schnur \u00fcber die Bremse, war also kein ganz kleiner, ich konnte ihn aber dann doch stoppen und langsam in Richtung Insel dirigieren. Da fiel mir pl\u00f6tzlich auf, das meine H-Boje, dem Fisch hinterherwanderte. Weltklasse, naja, wird schon gehen. Da fiel mir auf, der Kescher ist ja noch gar nicht wieder zusammengebaut vom Fisch vorher, also Rute zwischen die Beine und irgenwie versucht, den Kescher mit 1 1\/2 H\u00e4nden zusammenzubasteln. Als ich es dann geschafft hatte, hatte sich der Fisch mitsamt Boje im Kraut verschanzt, und als ich dann mit dem Boot \u00fcber ihm war und die Schnur aus dem Gr\u00fcnzeug befreit hatte, war da nur noch die Montage, leider kein Fisch mehr.<\/p>\n<p>Ja was soll ich noch sagen, das der Wind auf Ost gedreht hatte, war wohl wirklich ausschlaggebend f\u00fcr die kommenden Sternstunden, ich hatte von 9.00 Uhr morgens bis 19.00 Uhr abends 11 Bisse, wovon 8 Fische das &#8222;rettende Ufer&#8220;, also meine Matte, erreichten. Ein paar halbw\u00fcchsige, mein neuer PB f\u00fcr diesen See, ein kugelrunder Spiegler-Milchner (!!!) mit 14,6 Kilo, ein Spiegler mit 11,9 Kilo und ein wundersch\u00f6ner, bronze-goldener Fisch mit 9,2 Kilo, das waren die drei Herrschaften auf dem &#8222;Treppchen&#8220;.<\/p>\n<p>Aber kaum war gegen Abend der Wind wieder weg, blieben auch die Bisse aus, lediglich ein 6,3 Kilo schwerer Karpfen weckte mich um 00.30 Uhr. Den Rest der Nacht konnte ich mich gut erholen und durfte durchschlafen.<\/p>\n<p>Als ich gegen 9.00 Uhr wach wurde, trank ich noch gem\u00fctlich ein Kaffee, baute allm\u00e4hlich den Paltz ab und spulte die Anfahrt r\u00fcckw\u00e4rts ab.<\/p>\n<p>Ja, Fazit dieser drei Tage, viel sch\u00f6ne Fische gefangen und richtig entspannen k\u00f6nnen, normalerweise gehe ich ja lieber zu zweit oder zu drittt fischen, aber ab und zu ist alleine draussen sein schon auch sch\u00f6n, ich hab in den drei Tagen gut 400 Seiten gelesen \ud83d\ude42<\/p>\n<p>So, damit beschlie\u00df ichs jetzt auch, hab noch ca. hundert Seiten vor mir und will unbedingt wissen wie es ausgeht!<\/p>\n<p>Cheers und Slainte<br \/>\nEuer Chris<\/p>\n<p>&#8222;God save ireland&#8220;<\/p>\n<p>&#8222;Viva Bavaria.<\/p>\n<p style=\"text-align: center;\"><img loading=\"lazy\" class=\"aligncenter size-full wp-image-85\" title=\"7231528\" src=\"http:\/\/www.rg-fishfeed.de\/blog\/wp-content\/uploads\/2011\/12\/72315281.jpg\" alt=\"\" width=\"600\" height=\"450\" srcset=\"https:\/\/blog.rg-fishfeed.de\/wp-content\/uploads\/2011\/12\/72315281.jpg 600w, https:\/\/blog.rg-fishfeed.de\/wp-content\/uploads\/2011\/12\/72315281-300x225.jpg 300w\" sizes=\"(max-width: 600px) 100vw, 600px\" \/><img loading=\"lazy\" class=\"aligncenter size-full wp-image-84\" title=\"7231534\" src=\"http:\/\/www.rg-fishfeed.de\/blog\/wp-content\/uploads\/2011\/12\/72315341.jpg\" alt=\"\" width=\"600\" height=\"450\" srcset=\"https:\/\/blog.rg-fishfeed.de\/wp-content\/uploads\/2011\/12\/72315341.jpg 600w, https:\/\/blog.rg-fishfeed.de\/wp-content\/uploads\/2011\/12\/72315341-300x225.jpg 300w\" sizes=\"(max-width: 600px) 100vw, 600px\" \/><\/p>\n","protected":false},"excerpt":{"rendered":"<p>von Chris Dienstag mittag gings los, heim zu meinen Eltern, Tackle in den Kombi, wieder den gleichen Spruch wie immer von Oma kassiert (&#8222;Bleibst du ein halbes Jahr weg mit dem ganzen Zeug? Musst ja bald einen Bus kaufen!&#8220;). Man &hellip; <a href=\"https:\/\/blog.rg-fishfeed.de\/?page_id=81\">Weiterlesen <span class=\"meta-nav\">&rarr;<\/span><\/a><\/p>\n","protected":false},"author":1,"featured_media":0,"parent":67,"menu_order":0,"comment_status":"open","ping_status":"open","template":"","meta":[],"_links":{"self":[{"href":"https:\/\/blog.rg-fishfeed.de\/index.php?rest_route=\/wp\/v2\/pages\/81"}],"collection":[{"href":"https:\/\/blog.rg-fishfeed.de\/index.php?rest_route=\/wp\/v2\/pages"}],"about":[{"href":"https:\/\/blog.rg-fishfeed.de\/index.php?rest_route=\/wp\/v2\/types\/page"}],"author":[{"embeddable":true,"href":"https:\/\/blog.rg-fishfeed.de\/index.php?rest_route=\/wp\/v2\/users\/1"}],"replies":[{"embeddable":true,"href":"https:\/\/blog.rg-fishfeed.de\/index.php?rest_route=%2Fwp%2Fv2%2Fcomments&post=81"}],"version-history":[{"count":4,"href":"https:\/\/blog.rg-fishfeed.de\/index.php?rest_route=\/wp\/v2\/pages\/81\/revisions"}],"predecessor-version":[{"id":92,"href":"https:\/\/blog.rg-fishfeed.de\/index.php?rest_route=\/wp\/v2\/pages\/81\/revisions\/92"}],"up":[{"embeddable":true,"href":"https:\/\/blog.rg-fishfeed.de\/index.php?rest_route=\/wp\/v2\/pages\/67"}],"wp:attachment":[{"href":"https:\/\/blog.rg-fishfeed.de\/index.php?rest_route=%2Fwp%2Fv2%2Fmedia&parent=81"}],"curies":[{"name":"wp","href":"https:\/\/api.w.org\/{rel}","templated":true}]}}